{"id":50,"date":"2018-03-10T18:12:02","date_gmt":"2018-03-10T17:12:02","guid":{"rendered":"http:\/\/rupiewicz.art\/?page_id=50"},"modified":"2018-04-09T20:43:08","modified_gmt":"2018-04-09T18:43:08","slug":"redlum","status":"publish","type":"page","link":"https:\/\/rupiewicz.art\/?page_id=50","title":{"rendered":"Redlum"},"content":{"rendered":"<p align=\"JUSTIFY\"><img decoding=\"async\" loading=\"lazy\" class=\"size-medium wp-image-51 alignleft\" src=\"http:\/\/rupiewicz.art\/wp-content\/uploads\/2018\/03\/redlum-katarzyna-rupiewicz-191x300.jpg\" alt=\"\" width=\"191\" height=\"300\" srcset=\"https:\/\/rupiewicz.art\/wp-content\/uploads\/2018\/03\/redlum-katarzyna-rupiewicz-191x300.jpg 191w, https:\/\/rupiewicz.art\/wp-content\/uploads\/2018\/03\/redlum-katarzyna-rupiewicz-768x1205.jpg 768w, https:\/\/rupiewicz.art\/wp-content\/uploads\/2018\/03\/redlum-katarzyna-rupiewicz-653x1024.jpg 653w, https:\/\/rupiewicz.art\/wp-content\/uploads\/2018\/03\/redlum-katarzyna-rupiewicz.jpg 1080w\" sizes=\"(max-width: 191px) 100vw, 191px\" \/>Rok I wydania:<em>&nbsp;<\/em>2016<\/p>\n<p align=\"JUSTIFY\">Wydawca: <a href=\"https:\/\/geniuscreations.pl\/ksiazki\/redlum-katarzyna-rupiewicz\/\">Genius Creations<\/a><\/p>\n<p align=\"JUSTIFY\"><a href=\"http:\/\/rupiewicz.art\/?page_id=93\">Fragment<\/a><\/p>\n<p>&nbsp;<br \/>\n&nbsp;<\/p>\n<p align=\"JUSTIFY\">Wszystkie opowie\u015bci fantasy zaczynaj\u0105 si\u0119 w karczmie. Czemu wi\u0119c w niej nie pozosta\u0107 a\u017c do samego ko\u0144ca? Jej albo ksi\u0105\u017cki.<\/p>\n<p align=\"JUSTIFY\">Redlum \u2013 piek\u0142o i niebo jednocze\u015bnie \u2013 miasto potwor\u00f3w.<\/p>\n<p align=\"JUSTIFY\">Pami\u0119tajcie tylko, \u017ce wje\u017cd\u017cacie na w\u0142asn\u0105 odpowiedzialno\u015b\u0107. Tutaj ludzie z zewn\u0105trz ryzykuj\u0105 \u017cycie, by gra\u0107 o najwy\u017csze stawki a istoty magiczne znajduj\u0105 jedyny azyl w \u015bwiecie, kt\u00f3ry ju\u017c od dawna nie nale\u017cy do nich.<\/p>\n<p align=\"JUSTIFY\">Wszyscy spotykaj\u0105 si\u0119 w karczmie, gdzie nad kuflami go\u015bci czuwa m\u0142ody karczmarz S\u0142odki. Jego pierwsze mi\u0142o\u015bci, przygody i dramatyczne prze\u017cycia budz\u0105 u\u015bmiech politowania u sta\u0142ych bywalc\u00f3w. S\u0142odki nie wie, \u017ce ka\u017cde \u2013 pozornie niepowi\u0105zane wydarzenie \u2013 zbli\u017ca miasto do wojny, a Ci, kt\u00f3rym ufa najbardziej, s\u0105 znacznie wi\u0119kszymi potworami ni\u017c si\u0119 wydaj\u0105.<\/p>\n<p align=\"JUSTIFY\">Redlum nie mo\u017ce i nie chce przetrwa\u0107.<\/p>\n<p>&nbsp;<br \/>\n&nbsp;<\/p>\n<p align=\"JUSTIFY\">Ksi\u0105\u017ck\u0119 polecaj\u0105 Anna Ka\u0144toch i Micha\u0142 Cholewa:<\/p>\n<p>&nbsp;<br \/>\n<em>Czyta\u0142am t\u0119 ksi\u0105\u017ck\u0119 dwa razy i za drugim podoba\u0142a mi si\u0119 jeszcze bardziej ni\u017c za pierwszym. Jest w \u201eRedlum\u201d humor, kt\u00f3ry w idealnych proporcjach \u0142\u0105czy si\u0119 ze scenami chwytaj\u0105cymi za serce, jest sympatyczny g\u0142\u00f3wny bohater, s\u0105 tajemnice oraz oryginalny pomys\u0142 na miejsce akcji. I wreszcie jest efektowne zako\u0144czenie, kt\u00f3re zgrabnie spina w ca\u0142o\u015b\u0107 rozrzucone wcze\u015bniej tropy. Polecam.<\/em><\/p>\n<p><strong><em>Anna Ka\u0144toch,<\/em><\/strong><em>&nbsp;pi\u0119ciokrotna zdobywczyni Nagrody im. Janusza A. Zajdla i zdobywczyni Nagrody Literackiej im. Jerzego \u017bu\u0142awskiego<\/em><br \/>\n&nbsp;<br \/>\n<em>Katarzyna Rupiewicz pokazuje, \u017ce nadal mo\u017cna znale\u017a\u0107 \u015bwie\u017ce uj\u0119cie zdawa\u0142oby si\u0119 znanego ju\u017c toposu potwor\u00f3w. \u201eRedlum\u201d to nie tylko b\u0142yskotliwie napisana wci\u0105gaj\u0105ca opowie\u015b\u0107, ale te\u017c pr\u00f3ba zmierzenia si\u0119 \u2013 w pozornie lekkiej, sardonicznej narracji \u2013 z pytaniami, jakie rodz\u0105 si\u0119 przy podobnych rozwa\u017caniach. Czy jej odpowiedzi s\u0105 poprawne \u2013 nie da si\u0119 stwierdzi\u0107, w takich sprawach ka\u017cdy ma sw\u00f3j pogl\u0105d. Na pewno s\u0105 warte poznania.<\/em><\/p>\n<p><em><strong>Micha\u0142 Cholewa,<\/strong>&nbsp;autor cyklu \u201eAlgorytm Wojny\u201d,&nbsp; zdobywca Nagrody im. Janusza A. Zajdla<\/em><\/p>\n","protected":false},"excerpt":{"rendered":"<p>Rok I wydania:&nbsp;2016 Wydawca: Genius Creations Fragment &nbsp; &nbsp; Wszystkie opowie\u015bci fantasy zaczynaj\u0105 si\u0119 w karczmie. Czemu wi\u0119c w niej nie pozosta\u0107 a\u017c do samego ko\u0144ca? Jej albo ksi\u0105\u017cki. Redlum \u2013 piek\u0142o i niebo jednocze\u015bnie \u2013 miasto potwor\u00f3w. Pami\u0119tajcie tylko, \u017ce wje\u017cd\u017cacie na w\u0142asn\u0105 odpowiedzialno\u015b\u0107. Tutaj ludzie z zewn\u0105trz ryzykuj\u0105 \u017cycie, by gra\u0107 o najwy\u017csze&hellip;<\/p>\n","protected":false},"author":1,"featured_media":0,"parent":0,"menu_order":0,"comment_status":"closed","ping_status":"closed","template":"","meta":{"ngg_post_thumbnail":0,"footnotes":""},"_links":{"self":[{"href":"https:\/\/rupiewicz.art\/index.php?rest_route=\/wp\/v2\/pages\/50"}],"collection":[{"href":"https:\/\/rupiewicz.art\/index.php?rest_route=\/wp\/v2\/pages"}],"about":[{"href":"https:\/\/rupiewicz.art\/index.php?rest_route=\/wp\/v2\/types\/page"}],"author":[{"embeddable":true,"href":"https:\/\/rupiewicz.art\/index.php?rest_route=\/wp\/v2\/users\/1"}],"replies":[{"embeddable":true,"href":"https:\/\/rupiewicz.art\/index.php?rest_route=%2Fwp%2Fv2%2Fcomments&post=50"}],"version-history":[{"count":6,"href":"https:\/\/rupiewicz.art\/index.php?rest_route=\/wp\/v2\/pages\/50\/revisions"}],"predecessor-version":[{"id":238,"href":"https:\/\/rupiewicz.art\/index.php?rest_route=\/wp\/v2\/pages\/50\/revisions\/238"}],"wp:attachment":[{"href":"https:\/\/rupiewicz.art\/index.php?rest_route=%2Fwp%2Fv2%2Fmedia&parent=50"}],"curies":[{"name":"wp","href":"https:\/\/api.w.org\/{rel}","templated":true}]}}